16 a factor of 139362640?
True
Is 2284381123 a multiple of 2642?
False
Is 360638654 a multiple of 17?
False
Does 8 divide 3893909256?
True
Is 991 a factor of 9038911?
True
Is 3643131209 a multiple of 16?
False
Is 33 a factor of 193251934?
False
Is 9116 a factor of 652113060?
True
Does 11 divide 260704977?
False
Does 57 divide 14966424?
False
Is 879 a factor of 115119950?
False
Does 272 divide 46642945?
False
Is 154 a factor of 1288543990?
False
Does 68 divide 156719736?
True
Is 746 a factor of 1306246?
True
Does 22 divide 331507066?
True
Does 25 divide 773247?
False
Does 9 divide 29382777?
True
Is 254 a factor of 220625162?
True
Is 7 a factor of 615517303?
False
Does 79 divide 247241632?
False
Is 19225498 a multiple of 79?
False
Does 120 divide 53037507?
False
Is 351949974 a multiple of 1213?
False
Is 6 a factor of 543027039?
False
Is 477 a factor of 226427607?
True
Is 2048261629 a multiple of 17?
False
Is 841326552 a multiple of 84?
False
Does 462 divide 1348780818?
True
Is 1205 a factor of 427397835?
True
Is 973421845 a multiple of 3852?
False
Does 1480 divide 415880?
True
Does 5 divide 23745960?
True
Is 184 a factor of 253338008?
True
Is 3047659110 a multiple of 1678?
True
Is 165 a factor of 293882490?
True
Is 115778444 a multiple of 113?
True
Does 24 divide 52578747?
False
Is 2158266755 a multiple of 666?
False
Is 49 a factor of 96182015?
False
Is 8467200 a multiple of 840?
True
Is 694 a factor of 36253830?
False
Is 211890263 a multiple of 196?
False
Is 91012675 a multiple of 325?
True
Is 4 a factor of 64682046?
False
Is 179991210 a multiple of 42?
True
Does 2855 divide 12606012?
False
Does 920 divide 248074320?
True
Does 10 divide 2544150?
True
Is 24662424 a multiple of 111?
True
Is 106855255 a multiple of 941?
True
Does 8584 divide 582123960?
True
Is 2565 a factor of 4342545?
True
Is 21 a factor of 389155914?
True
Is 1032489436 a multiple of 2342?
True
Is 411283663 a multiple of 39?
False
Is 410963529 a multiple of 3781?
False
Does 384 divide 49706963?
False
Is 396 a factor of 7415848?
False
Is 17 a factor of 28337929?
True
Is 23 a factor of 130397051?
True
Is 217145896 a multiple of 5032?
True
Is 2 a factor of 594621?
False
Is 24714599 a multiple of 7?
True
Is 5143331246 a multiple of 1609?
False
Is 78 a factor of 170926470?
True
Does 12 divide 904939423?
False
Is 23052673 a multiple of 7?
True
Is 224715939 a multiple of 65?
False
Is 5151 a factor of 815643377?
False
Is 21153448 a multiple of 36?
False
Is 629 a factor of 1209072606?
True
Is 3662591127 a multiple of 507?
False
Is 32507889 a multiple of 238?
False
Is 21675592 a multiple of 21?
False
Does 274 divide 435560027?
False
Does 15 divide 78469011?
False
Is 4128185516 a multiple of 26?
True
Does 342 divide 676876140?
True
Is 541 a factor of 85275500?
False
Is 410527812 a multiple of 846?
False
Is 53 a factor of 570954372?
True
Is 133 a factor of 26723025?
True
Is 1567 a factor of 2338042848?
False
Is 64 a factor of 2912895?
False
Is 1198 a factor of 1466439882?
False
Does 85 divide 210668760?
True
Is 460 a factor of 29931280?
True
Does 122 divide 64015840?
True
Does 28 divide 64922004?
True
Is 10463 a factor of 2257007840?
False
Does 14792 divide 1140692152?
False
Is 17 a factor of 20821005?
True
Is 13 a factor of 138275954?
False
Does 262 divide 130198804?
True
Does 26 divide 5893272?
False
Does 39 divide 7618260?
True
Is 224156334 a multiple of 17?
False
Is 272341025 a multiple of 55?
True
Is 23 a factor of 22755150?
False
Does 90 divide 339209910?
True
Does 33 divide 720138357?
False
Is 23421225 a multiple of 75?
True
Is 2497 a factor of 411138230?
False
Does 491 divide 648379248?
True
Is 466450 a multiple of 114?
False
Is 878 a factor of 31539065?
False
Does 5 divide 57382675?
True
Is 1063 a factor of 5339449?
True
Is 961 a factor of 32761956?
False
Does 9 divide 22543119?
True
Is 217205034 a multiple of 178?
True
Is 312303717 a multiple of 11?
True
Does 419 divide 73838680?
False
Is 873658119 a multiple of 5609?
False
Is 22916132 even?
True
Is 106 a factor of 284860107?
False
Does 13308 divide 2420908674?
False
Is 113708556 a multiple of 3?
True
Does 684 divide 35633664?
True
Is 15893447 a multiple of 2559?
False
Is 54547248 a multiple of 7?
True
Is 31930839 a multiple of 3?
True
Is 45152528 a multiple of 8?
True
Is 677 a factor of 271101482?
False
Is 848406662 a multiple of 4426?
True
Is 30062838 a multiple of 39?
True
Is 5 a factor of 10163111?
False
Does 6113 divide 1925733728?
False
Does 389 divide 222572266?
False
Does 165 divide 2261770665?
True
Is 9 a factor of 36523080?
True
Is 95892152 a multiple of 27?
False
Is 3134 a factor of 420545192?
True
Is 3225 a factor of 642467270?
False
Does 270 divide 786380940?
True
Is 268987390 a multiple of 7267?
False
Is 1104 a factor of 16214570?
False
Is 10047808 a multiple of 30?
False
Does 5017 divide 598402675?
True
Does 36 divide 34963740?
True
Is 1640999093 a multiple of 472?
False
Is 23 a factor of 136839719?
True
Does 54 divide 1797604676?
False
Is 74405629 a multiple of 15?
False
Does 160 divide 2662641?
False
Is 10427235 a multiple of 195?
True
Does 322 divide 1210106195?
False
Does 2 divide 428009243?
False
Is 333930345 a multiple of 187?
False
Is 704179616 a multiple of 2042?
True
Does 496 divide 4813680?
True
Does 300 divide 390105900?
True
Does 2 divide 393449658?
True
Does 28 divide 32019596?
True
Does 25 divide 52585791?
False
Is 39 a factor of 24010584?
True
Does 112 divide 1099749616?
True
Does 7 divide 160760763?
False
Is 234125786 a multiple of 3427?
True
Is 13 a factor of 280892489?
False
Is 11 a factor of 58064312?
False
Does 40 divide 25121160?
True
Is 52798324 a multiple of 27?
False
Is 22 a factor of 16082537?
False
Is 1219764584 a multiple of 19?
True
Is 1265166131 a multiple of 157?
True
Is 28009863 a multiple of 366?
False
Is 26 a factor of 964334696?
True
Is 20 a factor of 1774656703?
False
Is 2247 a factor of 220471146?
True
Does 1624 divide 529196640?
True
Is 2 a factor of 287401811?
False
Does 743 divide 2836695295?
False
Is 145115913 a multiple of 89?
False
Is 19228704 a multiple of 1048?
True
Is 759829 a multiple of 29?
True
Is 3771 a factor of 29704167?
True
Is 27685980 a multiple of 3139?
True
Is 3 a factor of 14939705?
False
Is 50164210 a multiple of 66?
False
Does 7 divide 57761571?
True
Is 59 a factor of 27131938?
False
Is 19 a factor of 4461005170?
False
Is 4844359 a multiple of 79?
True
Is 127444703 a multiple of 39?
False
Is 4 a factor of 994277693?
False
Is 772209923 a multiple of 10?
False
Is 598 a factor of 45474312?
True
Does 111 divide 1686897021?
False
Is 216089376 a multiple of 16?
True
Is 21 a factor of 1539646983?
True
Is 155 a factor of 1353874?
False
Does 5912 divide 22767112?
True
Is 31 a factor of 244813984?
False
Is 61925264 a multiple of 1832?
True
Does 33 divide 465923139?
True
Is 48084842 a multiple of 1238?
False
Is 14425140 a multiple of 138?
True
Is 504 a factor of 122739149?
False
Does 1327 divide 645760664?
True
Does 7954 divide 426159412?
True
Is 196200006 a multiple of 4?
False
Is 8 a factor of 877479687?
False
Is 7407 a factor of 1161376970?
False
Is 107393532 a multiple of 138?
True
Does 764 divide 84895520?
False
Is 26622643 a multiple of 656?
False
Is 445984 a multiple of 8?
True
Does 5 divide 16973170?
True
Is 88043931 a multiple of 428?
False
Does 32 divide 392908370?
False
Is 3822 a factor of 32895954?
True
Is 68 a factor of 26576508?
True
Is 226330422 a multiple of 1165?
False
Does 310 divide 26676120?
True
Is 252595332 a multiple of 33?
True
Is 55487586 a multiple of 42?
True
Is 1537023869 a multiple of 151?
False
Does 14 divide 1030386?
True
Does 590 divide 267565979?
False
Is 118131245 a multiple of 888?
False
Is 899 a factor of 136603949?
True
Does 238 divide 90194966?
False
Does 13 divide 57006300?
True
Is 36 a factor of 382536715?
False
Is 19 a factor of 111879031?
False
Is 243401149 a multiple of 22?
False
Is 1996 a factor of 144961631?
False
Does 478 divide 2287365587?
False
Is 140 a factor of 286119540?
True
Is 22 a factor of 275979896?
False
Does 15 divide 1021783200?
True
Is 1888 a factor of 303291324?
False
Does 355 divide 415304903?
False
Does 4 divide 55769790?
False
Does 227 divide 425340668?
False
Is 24 a factor of 35883360?
True
Is 5006461